igit of v(-7)?
2
Suppose -m = 0, 7*l = 2*l - m + 115. What is the units digit of l?
3
Let u(d) = -d**2 + d + 2*d**2 - 5*d**3 - 3*d**3 + 0*d**3. Let g be u(-1). Let o = g - 3. What is the units digit of o?
5
Let k(r) = -r + 1. Let m be k(-9). Suppose a = 3*x - m, 5*a + 12 = -5*x + 2. What is the units digit of x?
2
Let m(o) = o**3 - 7*o**2 + 4*o - 17. What is the units digit of m(7)?
1
Suppose 7*o = 2*o + 4*q + 6, -6 = -4*o + 2*q. Suppose -4*b + 5*n - 6 = 0, 6 = 4*b - n + o*n. Let k = 2 - b. What is the units digit of k?
1
Let f be 3/(-2)*(-12)/9. Suppose 0 = 3*i + f*i - 65. What is the tens digit of i?
1
Let r(o) = 25*o - 1. What is the units digit of r(4)?
9
Let x = -4 - -7. Suppose -s = -3*l, x*l - 90 = -2*s - 3*s. What is the tens digit of s?
1
Suppose 4*z = -4 + 12. Suppose 2*m - 1 = -z*a + 1, -m - 4*a = 5. What is the units digit of m?
3
Suppose -3*r + 8 + 19 = 0. What is the units digit of 57/r - (-4)/6?
7
Let n = -4 + 74. What is the tens digit of n?
7
Let n(t) = -t**3 - 16*t**2 - 17*t + 7. What is the tens digit of n(-15)?
3
Let b be (1 + -1)/(2 + 0). Suppose w + 15 = 2*p - 19, 2*w - 4 = 0. Suppose -p = -3*o - 3*f, 4*o + b*f - 3*f = 45. What is the units digit of o?
9
Let s(z) = z**3 - 9*z**2 - 15*z + 3. What is the units digit of s(11)?
0
Suppose 0 = -3*f - 5*u + 150, u - 269 = -4*f - 86. What is the tens digit of f?
4
What is the units digit of 3 + -1*(-4 - -1)?
6
Let h(j) = -j**2 - 4*j + 2. Let t be h(-4). What is the units digit of 114/24 + t/8?
5
Let a be ((-3)/(-9) - 1)*-3. Suppose 5*d = -3*m + 179, 4*m = -a*d + 7*d - 193. What is the tens digit of d?
3
Suppose 6 = -5*y + 7*y. What is the units digit of y?
3
Suppose j = a - 25 - 29, -5*j + 73 = 2*a. Let y = a + -20. What is the tens digit of y?
2
Let o(i) = 2*i + 4. Let x be o(-6). Let p = -14 - x. Let g = 9 + p. What is the units digit of g?
3
What is the units digit of -4 - ((-9)/3 - 30)?
9
Let u = 3 - 0. Let n(r) = 15*r + 1. What is the tens digit of n(u)?
4
Let y(k) = 9*k**2 + 5*k - 2. Let f(n) = 18*n**2 + 11*n - 5. Let j(x) = -3*f(x) + 7*y(x). What is the units digit of j(-1)?
8
What is the units digit of -4 + 7 + (4 - 1)?
6
Let h = -4 + 14. What is the tens digit of h?
1
Suppose 0 = -5*k + 5 + 10. Suppose 40 = -k*l + 5*l. What is the tens digit of l?
2
Suppose 2 = -i, -i + 95 = -2*z + 579. What is the hundreds digit of z?
2
Suppose 7*t = 2*t + 60. What is the units digit of -36*1/((-9)/t)?
8
Let f = 7 - 9. Let t be (0/2)/(f + 0). What is the units digit of (0 + (1 - t))*13?
3
Let m = 4 + -3. Let y be (m - -3)/(2 - 0). Suppose 4*r = -i - y + 6, i + 5*r = 0. What is the units digit of i?
0
Let n(o) = o - 4. Let u be n(6). Suppose 0 = 2*t - 4*i - 4, -3*i = -5*i - 2. What is the units digit of (t - u)/((-4)/10)?
5
Suppose j = 4*j - 24. What is the units digit of j?
8
Let a = 10 + -4. Suppose 4*v + n = a*n + 7, 2*v - 1 = 5*n. What is the units digit of v?
3
Let m(u) = -7*u + 4. What is the units digit of m(-4)?
2
Let w be -5 + 6 + (-2 - -5). Suppose 4*p = -v + 17, -p + w*v - 8 = -25. What is the units digit of p?
5
Suppose 3*b + b - 8 = 0, -3 = -t + 2*b. What is the units digit of t?
7
Suppose -11 = -5*y + 4. Suppose -2*s - 9 = -y*o, 0 = -3*o + 2*o + 4*s + 3. Suppose -41 = -o*v - 5. What is the tens digit of v?
1
Let w be (-4)/(-8)*(39 + 1). Suppose 5*z + 0*z - w = 0. What is the units digit of z?
4
What is the tens digit of (4425/45)/((-1)/(-3))?
9
Suppose 3*s - 2*s - 15 = -3*v, 0 = -2*v + 10. Suppose -3*d - 2 + 8 = 0, s = -2*x - d + 16. What is the units digit of x?
7
Let q(s) = -3*s + 18. What is the units digit of q(-9)?
5
Suppose -10*o + 8*o + 16 = 0. Suppose -l - o + 33 = 0. What is the units digit of l?
5
Let x(w) = -w**3 + 4*w**2 - 2*w + 2. Let p(u) = u**2 + 7*u + 3. Let i be p(-7). What is the units digit of x(i)?
5
Let n = -1 - -6. Suppose -7*b + 2*b = -75. Suppose 0*d + n*d = b. What is the units digit of d?
3
Suppose -523 = -5*h + 117. What is the tens digit of h?
2
Let t(q) = q**3 + 6*q**2 + q - 7. Let r be t(-6). Let n = -9 - r. What is the units digit of n?
4
Suppose 0 = 2*f + 6, 2*n - 6*n + 4*f + 20 = 0. What is the units digit of n?
2
Let c = 8 - -21. What is the tens digit of c?
2
Suppose 8*z - 9*z = -140. What is the units digit of z?
0
Suppose -5*x + 561 + 212 = -4*f, 0 = 3*x + 2*f - 455. What is the tens digit of x?
5
What is the units digit of (-291)/(-7) + 20/(-35)?
1
Let x be (-1)/(-1) - 4/(-2). Suppose -b + 3 = -x*i, 8*i = -3*b + 3*i + 23. Suppose -b = 2*z - 20. What is the units digit of z?
7
Suppose 4*s - 5*g + 550 = 2*s, 5*s - 4*g + 1375 = 0. What is the tens digit of (6/(-15))/(5/s)?
2
Suppose 4*k - 195 = k. What is the units digit of k?
5
Suppose 26 = z + 5*h - 2, -4*z + 3*h = 3. Suppose g = 2*k + 14, 3*k = 5*g - k - 40. Suppose 4*u - 12 = -g*x, 11 = 3*u + z*x + 2*x. What is the units digit of u?
2
Let m = -9 + 31. Suppose m = 3*g - 5*c - 41, -3*g - 4*c = -36. What is the units digit of g?
6
Suppose -l + 74 + 122 = 0. What is the tens digit of l?
9
Let s = 16 + -16. Suppose s = 4*m - 0*m - 84. What is the tens digit of m?
2
Suppose -2*u - 5*v = 34, -2*u = 2*u + 3*v + 40. Let q(x) = -x**2 - 5*x + 7. Let t be q(u). Let s = 15 + t. What is the units digit of s?
8
Let t(g) = 2*g**2 - 5*g - 22. What is the units digit of t(-5)?
3
Suppose 9 = 5*o - 61. Let h = o + -21. What is the units digit of 4/(-14) + (-58)/h?
8
Let l(x) = x**2 - 4*x + 4. Suppose 5*j = -4*v + 3 - 1, -j + 1 = v. Let r be l(v). Suppose -n - 4*i = -r, -4*n + 32 = 2*i - 0. What is the units digit of n?
9
Let w = 83 + -46. What is the tens digit of w?
3
Let w = 627 - 334. What is the hundreds digit of w?
2
Let g be 2 - (0 + -2 + -2). Suppose 0 = 3*y - 0*y + g. Let b = y + 3. What is the units digit of b?
1
Let r be 2*(0 - -2) + -1. Suppose -40 = -r*f - f. Suppose 4*y = f + 6. What is the units digit of y?
4
Let f(w) = -4*w - 17. What is the tens digit of f(-9)?
1
Let q = -180 + 363. What is the units digit of q?
3
Let r(h) be the first derivative of -h**2/2 - 7*h + 1. Suppose 0 = 10*f - 14*f - 40. What is the units digit of r(f)?
3
Let u(k) = -20*k - 17. Let t(v) = 7*v + 6. Let d(a) = 11*t(a) + 4*u(a). Suppose 20 = -0*y - 5*y. What is the units digit of d(y)?
0
Suppose -14*d + 1887 = 389. What is the tens digit of d?
0
Let b(h) be the second derivative of h**5/20 - h**4/4 + h. Let y be b(4). Suppose -2*u = 2 - y. What is the units digit of u?
7
Let m(i) = i + 1. Let p be 1/5 - 4/20. Suppose 4*w - 7 - 1 = p. What is the units digit of m(w)?
3
Let v be ((-15)/10)/((-2)/(-4)). Let g = 1 - v. What is the units digit of g?
4
Suppose 3*a = 7*a + 476. Let o = -85 - a. What is the units digit of o?
4
Let a = -1 + 3. Suppose -3*f - a = -6*i + i, 0 = -4*f + 4*i. What is the units digit of f?
1
Let u = -2 + 14. Suppose -3 - u = t - 4*d, -4*t + 24 = 5*d. What is the units digit of t?
1
Let l(x) = 0*x**2 - 4*x + 3 + x**2 - 3*x + 2. What is the units digit of l(7)?
5
Let r(s) = -s - 6. Suppose -2*t - 3*o - 10 = 18, -t = -4*o - 8. Let k be r(t). Suppose 3*j - 41 = -5*n, 5*n = k*n - 2*j + 25. What is the units digit of n?
7
Suppose -79 = -4*d + 4*n - 7*n, -n + 53 = 3*d. What is the tens digit of d?
1
Suppose -2 = x - f - 3, 5*f = x + 7. Suppose -4*i + 3*z + 2 + 5 = 0, -x*z + 9 = 0. Suppose -i*g + 26 = -4*y - 22, -2*y - 2 = 0. What is the units digit of g?
1
Suppose 5*g - 92 = 3*g. What is the tens digit of g?
4
Let q = 8 + -5. Suppose d = -d - 3*i - 1, -4*i = d + q. What is the units digit of d?
1
Let p = 16 - 5. Suppose 2*h = p + 29. What is the tens digit of h?
2
Let w = -4 + 197. What is the hundreds digit of w?
1
Let z(o) = o**3 - 7*o**2 + 3*o + 5. Let j(b) = -b - 3. Let i be j(-10). What is the tens digit of z(i)?
2
Let y = 60 - 42. Suppose o + y = 3*x, -4*x + 5*o = 2*o - 19. What is the units digit of x?
7
Let l = 77 + -42. What is the tens digit of l?
3
Let l be (12/(-10))/(1/(-25)). Let j = 42 - l. What is the units digit of j?
2
Suppose 4 = -v - 3*y, 0 = 2*v - 3*y + 1 - 2. Let w be v*(1/(-1) + 3). What is the tens digit of -2 - w - (-2 + -18)?
2
Suppose 2*p - 120 = -2*p. What is the tens digit of p?
3
Suppose 2*d - c - 452 = 0, -c = -4*d - 5*c + 904. What is the tens digit of d?
2
What is the units digit of (3/4)/(5/180)?
7
Suppose 2*q = p + 13, 5*q = 3*p + 34 - 4. Suppose 2*g - 30 = -h, -q*